Let j = -12304 + 19825. What is the remainder when j is divided by 33?
30
Let d(j) = -j**3 + 11*j**2 + 101*j + 59. What is the remainder when 3100 is divided by d(17)?
34
Let v be 8 + 5 + -10 - -4. Let o(d) = 29*d - 95. What is the remainder when o(v) is divided by 27?
0
What is the remainder when 816 is divided by 3008/28 + ((-7)/(-5) - 128/70)?
67
Suppose -4*z + 29 = z - s, 4*z + s = 16. Suppose -7*i - 11 - 66 = 0. What is the remainder when ((-4)/6)/(26/39)*i is divided by z?
1
Suppose -326 = -2*j - 4*v, 9*v = 2*j + 4*v - 344. Let l(o) = -5307*o - 26501. What is the remainder when j is divided by l(-5)?
31
Let l(g) = 9*g - 31. Let k be l(-9). Let m = k + 134. Calculate the remainder when 60 is divided by m.
16
Let s(q) = 13*q - 43. Let g be s(4). Suppose g*b + 96 = 330. Calculate the remainder when b is divided by 22.
4
Let w = 26 + -11. Let k = -22 + 29. Suppose k - 35 = -v + 5*x, -5*v + x = -140. Calculate the remainder when v is divided by w.
13
Let h(n) = -n**3 + 23*n**2 - 22*n - 4. Let a be h(22). Let d(j) = 5*j**2 - 1. What is the remainder when (-505)/(-35) - a/7 is divided by d(1)?
3
Let k = -99 + 205. What is the remainder when k is divided by (-1)/13*151905/(-285)?
24
Suppose 3*k - 432*i = -436*i + 850, 294 = k - 4*i. What is the remainder when k is divided by 80?
46
Suppose -5*p + 196 = -154. What is the remainder when (-14)/p - (-682)/10 is divided by 14?
12
Let l be 8/(-12) - (-94)/6. Suppose 15*s - 583 + 2293 = 0. What is the remainder when 195 is divided by (s/l - -2)/(2/(-10))?
27
Let o(a) = a**3 + 8*a**2 + 2*a - 13. Suppose -283 = -0*s + s - y, -2*y = 4. Let q be (3/(-5))/3 - s/(-75). What is the remainder when o(q) is divided by 15?
13
Let y = -259 - -261. Suppose 3*m + 69 = y*x, 19*x - 3*m + 81 = 22*x. Let q = 16 - 8. What is the remainder when x is divided by q?
6
Calculate the remainder when 169 is divided by (12/(-8) + 2)*62.
14
Let i = -403 - -415. Let p = -7 + 6. Calculate the remainder when 46 is divided by -2*(-3 + i - 1)/p.
14
Suppose -9*z - 775 = -41*z + 505. What is the remainder when 1039 is divided by z?
39
Suppose 0 = -42*l + 44*l + 188. Let i = 104 + l. Calculate the remainder when 119 is divided by i.
9
Let i be (19/4 - 5)*-20 + -5. Suppose i = -7*w + 150 + 39. Let s = 156 + -49. Calculate the remainder when s is divided by w.
26
Calculate the remainder when (100/70)/(20/4130) is divided by 126.
43
Let i = 195 - 22. Suppose -u = -47 - 0. What is the remainder when i is divided by u?
32
Suppose -5*c = -5*x + 190, 111*c - 108*c + 384 = 9*x. Let o(z) = z + 221. What is the remainder when o(0) is divided by x?
41
Suppose 95 - 605 = -10*j. Suppose 0 = d + d - 96. Calculate the remainder when d/20 + 2/(-5) + j is divided by 11.
9
Let m = 129 + -4. Let b = m - 249. Let c = -110 - b. Calculate the remainder when 54 is divided by c.
12
Suppose 0*h = -4*h + 48. Let w be h/(-10)*25/(-10). Suppose w*s = -0*s + 225. What is the remainder when s is divided by 20?
15
Let y(o) = -o**2 - o + 67. Let j be y(0). Suppose 0*m = -2*q - 3*m + j, -5*m = 4*q - 129. Let r(z) = -z - 1. Calculate the remainder when q is divided by r(-8).
5
Let f = 4530 - 4407. Calculate the remainder when 982 is divided by f.
121
Suppose -96*h - 49 + 3784 = -87*h. Calculate the remainder when h is divided by 376.
39
Calculate the remainder when 8/32*12 - (-240 + -7) is divided by 122.
6
Let d(x) = 5*x**2 + 19*x - 17. Let k be d(-9). Let v = k - 204. What is the remainder when 127 is divided by v?
10
Suppose 5*z - 7*k - 445 = -12*k, -2*z + 172 = -k. What is the remainder when 1387 is divided by z?
82
Suppose -3*c - i = 3*i - 133, -5*c - 3*i = -229. Suppose -5*t = -38 - c. Suppose -3 = 4*g - 15. Calculate the remainder when t is divided by g.
2
Suppose -3*z - 3*g = -z - 19, 3*z = -g + 11. Suppose -k + 45 = z*k. Suppose 0 = -5*j + 35 + k. Calculate the remainder when 29 is divided by j.
9
Suppose -g + 3*v + 30 = 0, g - 14*v = -19*v + 54. What is the remainder when 411 is divided by g?
21
Let f(l) = 2*l**3 - 57*l**2 + 77*l - 234. What is the remainder when f(28) is divided by 52?
46
Let w(c) = c + 3. Let i be w(0). Suppose 9 = -i*u + 3. What is the remainder when 91 is divided by 46 - (u + 4 + -3)?
44
Suppose -3*l - 468 = -4*l. Let g(u) = -1403*u - 1356. Calculate the remainder when l is divided by g(-1).
45
Calculate the remainder when 1845 is divided by 2406/66 - 258/(-473).
32
Let a = -100 + 101. Suppose -5*q = 403*y - 406*y + 23, -4*y + 89 = 5*q. What is the remainder when y is divided by a?
0
Let j(g) be the third derivative of 1/24*g**4 + 0*g - 1/6*g**3 + 0 + 9*g**2 + 1/20*g**5. Calculate the remainder when 50 is divided by j(2).
11
Let r(o) = -o**3 - 27*o**2 + 168*o - 158. Calculate the remainder when r(-34) is divided by 89.
86
Suppose 0 = 33*o - 36*o + 5*m + 553, 4*o = m + 760. Suppose -2*s = -k + 72, -2*k - k = -s - o. What is the remainder when k is divided by 13?
10
Let l(a) be the second derivative of -a**5/20 + 5*a**4/12 + 2*a**3/3 + 41*a**2 - 2*a + 140. What is the remainder when 29 is divided by l(7)?
5
Suppose q + 5*f = 555, -4*f + 664 = -2*q + 1788. Suppose 10*u - q = 580. What is the remainder when u is divided by 29?
27
Let v(o) = -2*o**3 - 4*o**2 + 13*o + 33. What is the remainder when 5265 is divided by v(-3)?
9
What is the remainder when -10 - 0 - -29 - -896 is divided by 54?
51
Suppose l - 3*v = 11, 5 = -2*l - 3*v - 0. Let d = l - -37. Let c = -186 + 194. Calculate the remainder when d is divided by c.
7
Let b = -23 + 25. Calculate the remainder when 93 is divided by (-282)/(-24) + b/8.
9
What is the remainder when 1920 is divided by ((-8)/(-16) - 1)*(-9 - 87)?
0
Suppose 229 = 5*k - 466. Let v = -370 + 400. What is the remainder when k is divided by v?
19
Let g(q) = -3*q**2 - 40*q - 11. Let k be g(-13). What is the remainder when (k/(-5))/((33/(-120))/11) is divided by 7?
2
Suppose 4*m = -l - 33, 3*m = -5*l + 13 - 127. Let s = -23 - l. Let r = s + 35. What is the remainder when 128 is divided by r?
29
Suppose w - q - 268 = 0, 3*w + 438 - 1230 = -3*q. What is the remainder when w is divided by 24?
2
Suppose l + 3*n = -3 + 10, -11 = -2*l - 3*n. Suppose -4*p - 108 = -l*b, 2*b + 5*p - 75 = -0*b. What is the remainder when 47 is divided by b?
17
Suppose 3*d = -2*m + 665, -m + 3*m - 659 = -5*d. Let l = m - 280. Calculate the remainder when l is divided by 20.
17
Suppose -a + 140 = 3*i, -3*i + 0*i - 736 = -5*a. What is the remainder when (1 - 0)*a/1 is divided by 49?
48
Let z(d) = -10*d + 12. Let u be z(10). Let m = -47 - u. Calculate the remainder when 154 is divided by m.
31
Let w = -252 - -262. Suppose -w*n + 216 = 56. Calculate the remainder when 271 is divided by n.
15
Suppose -3*u - 4*t + 554 = 0, 5*u + 101*t = 98*t + 916. Suppose -75 = -3*g + 93. What is the remainder when u is divided by g?
14
Let z be (995/(-10))/(1/(-2)). Let y = z - 134. Suppose 0 = -2*o - 3*o - h + 71, -5*h = -3*o + y. What is the remainder when 56 is divided by o?
11
What is the remainder when (-3)/(-6) + (-826)/(-4) is divided by (16/(-88) + (-15428)/2871)*-3*3?
7
Let f be -4 - 1/(3/(-9)). Let a(s) = 51*s + 0 + 53*s + 66*s - 186*s + 4. Calculate the remainder when 179 is divided by a(f).
19
What is the remainder when ((9216/(-30))/(-6))/(((-54)/30)/(-9)) is divided by 132?
124
Let w be -327*1/(-2) + 3/6. Let q(u) = -3*u - 6. Let l be q(-3). Suppose l*k = -k + w. What is the remainder when k is divided by 12?
5
Let x = -8 - -16. Let h(i) = -i**3 + 8*i**2 + 5. Suppose 5*c - 4*p = 21, 49*c - 35*c - 132 = -p. Calculate the remainder when c is divided by h(x).
4
Suppose 2*z - 8 = -4*h + 4*z, -3*h - 3*z + 6 = 0. Suppose -3*y + 9 = -2*d, -5 + 3 = -h*y. What is the remainder when d/(2/6 + (-400)/768) is divided by 11?
5
Let j(p) = 2*p**3 + 209*p**2 - 106*p + 60. Calculate the remainder when 1163 is divided by j(-105).
8
Suppose -2*d - 1987 - 713 = -3*d - 3*p, -2*p = 0. Calculate the remainder when d is divided by 8.
4
Suppose 0 = -92*m - 51*m - 8*m + 187542. Calculate the remainder when m is divided by 209.
197
Let x be (-1)/(-2) + 2/4. Let f(g) = 139*g**3 - 4*g**2 - 1. Calculate the remainder when f(x) is divided by 45.
44
Let v = -3156 + 4389. What is the remainder when v is divided by 139?
121
Let x = -50 + 60. Suppose -1 = -11*t + x. Calculate the remainder